z**3 - 50*z**2 + 14*z - 646. Determine h(50).
54
Let z(v) = 7*v**3 + 88*v**2 + 122*v + 6. Determine z(-11).
-5
Let y(u) = 66*u + 938. What is y(-14)?
14
Let p(s) = 1493*s + 2995. What is p(-2)?
9
Let j(n) = n**2 - 137*n + 6. Determine j(0).
6
Let b(w) = -3*w**2 - 287*w + 10532. Give b(-124).
-8
Let s(y) = y + 24. What is s(-13)?
11
Let d(c) = 8*c - 219. What is d(44)?
133
Let l(f) = 26*f + 197. What is l(-7)?
15
Let a(d) = 124*d + 159. Determine a(-2).
-89
Let v(c) = -2*c**3 + 13*c**2 + 4*c - 34. Calculate v(6).
26
Let x(g) = 28*g + 1097. Determine x(-32).
201
Let t(n) = 16*n**2 - 11*n + 11. Calculate t(1).
16
Let m(b) = -2*b**2 - 22*b + 84. Calculate m(4).
-36
Let w(i) = 7*i**2 - 15*i + 20. Calculate w(5).
120
Let j(b) = 5*b**2 - 13*b - 12. Calculate j(-2).
34
Let h(o) = -18*o**2 - 38*o - 27. Calculate h(-2).
-23
Let g(a) = 24*a**3 + 2*a**2 + 7*a - 11. What is g(2)?
203
Let t(r) = -r**2 + 35*r - 306. Determine t(16).
-2
Let j(x) = 2*x**2 + 22*x + 67. Determine j(-4).
11
Let o(j) = 2*j**2 - 65*j + 132. Calculate o(18).
-390
Let q(d) = -59*d + 221. What is q(4)?
-15
Let j(h) = -5*h**3 + 8*h**2 - 51*h + 79. What is j(2)?
-31
Let m(r) = -r**3 + 56*r**2 - 56*r + 37. Give m(55).
-18
Let j(l) = -521*l + 2938. Determine j(6).
-188
Let x(s) = 2*s**3 - s**2 - 5*s + 26. Calculate x(-7).
-674
Let k(w) = w**2 + 157*w - 2207. Determine k(13).
3
Let i(q) = -7*q**2 + 56*q + 31. Calculate i(5).
136
Let m(t) = -46*t - 2132. Give m(-55).
398
Let s(i) = i**2 + 24*i + 6. What is s(6)?
186
Let m(j) = 3*j**3 - 80*j**2 + 268*j + 8. Calculate m(4).
-8
Let w(r) = r**3 - 26*r**2 + 107*r - 1444. Calculate w(24).
-28
Let i(h) = h**2 + 5*h + 1. Determine i(-3).
-5
Let x(r) = -r**3 + 46*r**2 - 479*r - 27. Determine x(30).
3
Let x(i) = -i**2 - 4*i - 3. What is x(11)?
-168
Let b(t) = -t**3 - 21*t**2 - 97*t + 20. Determine b(-14).
6
Let g(s) = -769*s - 13849. Calculate g(-18).
-7
Let h(c) = 6*c**2 + 598*c - 231. Calculate h(-100).
-31
Let g(i) = i**2 + 494*i - 1972. Determine g(4).
20
Let q(y) = -21*y**2 - 5*y - 26. Calculate q(-3).
-200
Let s(c) = -45*c + 1114. What is s(25)?
-11
Let y(j) = -24*j - 18. Calculate y(-2).
30
Let g(m) = -3*m**2 + 2073*m - 46094. Give g(23).
-2
Let s(r) = r**3 - 10*r**2 + 15*r - 14. Determine s(4).
-50
Let f(l) = 2*l**3 + 95*l**2 + 1067*l - 177. What is f(-29)?
-3
Let d(x) = -189*x + 210. Determine d(3).
-357
Let k(t) = -2*t**3 - 4*t**2 - 15*t - 89. Give k(-6).
289
Let n(s) = 72*s**3 + 15*s - 16. Determine n(1).
71
Let q(j) = 11*j + 77. What is q(-24)?
-187
Let x(q) = q**3 + 73*q**2 - 152*q - 157. Give x(-75).
-7
Let p(s) = 6*s**2 + 11*s + 80. Calculate p(-7).
297
Let p(i) = 3*i**2 + 8*i - 7. Give p(-8).
121
Let z(s) = 123*s + 6674. Give z(-55).
-91
Let h(s) = s**3 - 11*s**2 + 20*s + 23. Give h(6).
-37
Let k(m) = 12622*m - 100977. Calculate k(8).
-1
Let k(x) = 40*x**2 + 243*x + 226. Determine k(-5).
11
Let k(w) = 80*w + 1766. Give k(-22).
6
Let p(r) = -4888*r + 4890. Determine p(1).
2
Let u(h) = h**3 + 7*h**2 - h - 12. Give u(-9).
-165
Let s(h) = -h**3 - 14*h**2 + 19*h - 47. Calculate s(-14).
-313
Let w(x) = -2*x**3 - 18*x**2 - 3*x - 25. Calculate w(-9).
2
Let f(w) = -365*w - 1417. Calculate f(-4).
43
Let n(m) = 71*m + 995. Determine n(-14).
1
Let i(u) = -u**2 + 118*u - 1069. Determine i(10).
11
Let m(u) = u**3 - 12*u**2 - 131*u + 1445. What is m(14)?
3
Let q(s) = -s**2 + 14*s + 44. Give q(13).
57
Let d(q) = 3242*q + 42148. What is d(-13)?
2
Let v(x) = -32*x - 224. Calculate v(-7).
0
Let q(w) = -w**3 - 21*w**2 + 73*w + 33. Determine q(-24).
9
Let w(m) = m**3 - 23*m**2 - 84*m + 80. Determine w(26).
-76
Let m(n) = -2*n**2 + 104*n + 321. Determine m(55).
-9
Let c(m) = m - 4. What is c(-18)?
-22
Let g(k) = k**2 + 29*k + 298. What is g(-25)?
198
Let h(l) = 7*l**3 - l**2 + 7*l + 10. Give h(-1).
-5
Let v(h) = -37*h - 414. Determine v(-11).
-7
Let w(x) = -8*x**2 + 29*x - 129. Calculate w(6).
-243
Let f(a) = 14*a**2 + 99*a - 95. Determine f(-8).
9
Let n(f) = f**3 - 43*f**2 - 9*f + 290. Give n(43).
-97
Let l(q) = -q**3 - 38*q**2 + 480*q - 8. Give l(-48).
-8
Let r(g) = 5*g**2 + 6*g - 18. What is r(8)?
350
Let t(o) = 2*o**2 - 31*o + 215. Calculate t(7).
96
Let h(x) = -24*x - 72. Give h(7).
-240
Let g(t) = -t**3 + 9*t**2 + 54*t + 246. Give g(-7).
652
Let w(a) = -2*a**2 - 6*a + 486. Give w(-24).
-522
Let h(d) = -d**3 - 67*d**2 - 192*d - 3. What is h(-64)?
-3
Let a(z) = -z**2 + 173*z - 5837. Give a(127).
5
Let x(f) = f**3 + 15*f**2 + 17*f + 49. Give x(-14).
7
Let d(h) = -h**2 - 141*h - 947. What is d(-7)?
-9
Let q(u) = -63*u + 66. Give q(-3).
255
Let r(o) = -12*o**2 - 44*o - 211. Calculate r(-4).
-227
Let w(u) = 8*u**2 + 9*u - 31. Give w(-4).
61
Let q(h) = -h**2 + 17*h - 115. Determine q(18).
-133
Let y(h) = -6*h**2 + 44*h - 39. Give y(6).
9
Let k(m) = 22*m - 64. Determine k(6).
68
Let j(q) = -4*q**3 + 57*q**2 + 71*q - 389. Give j(15).
1
Let o(q) = 17*q**2 - 17*q + 15. Determine o(-5).
525
Let k(h) = -h**3 + 39*h**2 + 259*h + 12. Calculate k(-6).
78
Let i(s) = -s**3 - 33*s**2 - 234*s - 33. Calculate i(-10).
7
Let j(t) = 5*t**2 - 229*t + 1356. Calculate j(7).
-2
Let l(b) = -87*b - 439. Give l(-5).
-4
Let o(d) = d**3 + 21*d**2 + 103*d + 70. What is o(-14)?
0
Let t(g) = -g**3 + 49*g**2 + 329*g - 7. What is t(-6)?
-1
Let a(j) = 2*j**2 + 14*j - 572. What is a(14)?
16
Let n(b) = 1332*b - 15976. Determine n(12).
8
Let i(k) = k**2 + 2646*k + 21111. Calculate i(-8).
7
Let x(b) = -62*b**3 - 10*b**2 + 9*b - 2. Determine x(1).
-65
Let x(q) = -1293*q + 7. Calculate x(0).
7
Let o(p) = -p**2 - 19*p + 742. What is o(-38)?
20
Let i(p) = p**3 - 17*p**2 + 123*p - 524. Calculate i(10).
6
Let i(h) = -87*h + 664. Give i(8).
-32
Let y(p) = -2*p**3 - 26*p**2 + 64*p + 28. Give y(-15).
-32
Let c(u) = 6*u**2 - 48*u + 41. Calculate c(15).
671
Let t(c) = -c**3 - 20*c**2 - 95*c - 38. What is t(-11)?
-82
Let t(r) = -17*r**2 - 507*r + 96. Give t(-30).
6
Let z(w) = 15*w**2 - 135*w + 29. Give z(9).
29
Let t(f) = -644*f + 12918. What is t(20)?
38
Let z(g) = 22*g**2 + 1055*g - 64. Calculate z(-48).
-16
Let g(d) = 184*d - 7358. Calculate g(40).
2
Let y(k) = 3*k**2 + 174*k - 690. Give y(4).
54
Let x(m) = -7*m**3 - 82*m**2 + 70*m + 552. What is x(-12)?
0
Let w(o) = -434*o + 16496. Calculate w(38).
4
Let p(c) = -c**3 + 10*c**2 + 54*c + 34. Determine p(14).
6
Let k(s) = 233*s**2 - 35*s - 34. Give k(-1).
234
Let u(s) = 20*s**2 - 9*s + 6. Give u(3).
159
Let r(d) = -121*d**3 - 9*d + 10. What is r(1)?
-120
Let m(y) = 15*y**2 - 139*y - 2886. Calculate m(-10).
4
Let p(k) = -k**2 - 42*k + 362. Determine p(7).
19
Let o(v) = -2*v**2 + 1250*v - 4962. Determine o(4).
6
Let i(g) = -391*g**2 - 70*g - 69. Determine i(-1).
-390
Let y(b) = b**3 - 10*b**2 - 8*b - 18. Determine y(12).
174
Let j(l) = -l**3 + 6*l**2 + 3*l - 12. Calculate j(-3).
60
Let b(t) = -t**3 - 33*t**2 + 111*t + 98. Determine b(-36).
-10
Let h(y) = -17*y**2 + 19*y + 6. Determine h(4).
-190
Let z(n) = 185*n + 2. Give z(0).
2
Let q(a) = -274*a + 4392. Calculate q(16).
8
Let o(i) = 91*i + 3731. Give o(-41).
0
Let u(n) = 2*n**3 - 205*n**2 - 90*n - 1341. Give u(103).
-2
Let r(b) = -b**3 - 10*b**2 - 18*b + 8. Determine r(-7).
-13
Let n(z) = -z**3 - 20*z**2 + 93*z - 214. What is n(-24)?
-142
Let t(f) = -f**3 + 10*f**2 + 2*f + 116. Give t(10).
136
Let u(z) = -3*z + 80. Give u(18).
26
Let c(d) = 2*d**3 - 3*d**2 + 19*d - 8. What is c(7)?
664
Let t(f) = 3*f - 24. Give t(-2).
-30
Let y(x) = -3*x**3 + 10*x**2 - 510*x + 1516. What is y(3)?
-5
Let a(f) = f**3 + 9*f**2 - 16*f - 5. What is a(3)?
55
Let i(p) = -5*p**3 - 10*p**2 - 51*p - 52. Calculate i(-1).
-6
Let i(l) = l**3 - l**2 - 143*l + 65. Calculate i(12).
-67
Let y(t) = -38*t**2 + 239*t - 78. Give y(6).
-12
Let a(w) = -40*w - 63. Determine a(-2).
17
Let i(m) = -54*m**2 - 39*m - 85. Give i(-3).
-454
Let u(i) = i**2 - 44*i + 464. Give u(18).
-4
Let h(l) = -5*l + 240. What is h(37)?
55
Let a(m) = m**3 + 57*m**2 + 94*m - 886. What is a(-55)?
-6
Let v(u) = -2*u**3 + 20*u**2 + 22*u + 37. What is v(11)?
37
Let f(s) = -15*s - 84. Determine f(-5).
-9
Let h(d) = -3*d**2 + 517*d + 1939. Determine h(176).
3
Let q(m) = -m**3 + 56*m**2 + 1102*m + 557. Give q(-15).
2
Let n(b) = -9*b**3 - 6*b**2 - 45*b - 88. Give n(-2).
50
Let y(d) = 13*d + 121. Calculate y(0).
121
Let a(l) = -l - 127. What is a(-126)?
-1
Let g(t) = -16